***************************************** Setting OMP_NUM_THREADS environment variable for each process to be 1 in default, to avoid your system being overloaded, please further tune the variable for optimal performance in your application as needed. ***************************************** loading dataset from ./cached_data/train loading dataset from ./cached_data/train loading dataset from ./cached_data/train loading dataset from ./cached_data/train loading dataset from ./cached_data/train loading dataset from ./cached_data/train loading dataset from ./cached_data/train loading dataset from ./cached_data/train
1a6c73bc986042c6ba1560206583d029-master-0:14582:14582 [0] NCCL INFO Bootstrap : Using [0]eth0:10.36.85.12<0>
1a6c73bc986042c6ba1560206583d029-master-0:14582:14582 [0] NCCL INFO NET/Plugin : No plugin found (libnccl-net.so), using internal implementation 1a6c73bc986042c6ba1560206583d029-master-0:14582:14582 [0] misc/ibvwrap.cc:63 NCCL WARN Failed to open libibverbs.so[.1]
1a6c73bc986042c6ba1560206583d029-master-0:14582:14582 [0] NCCL INFO NET/Socket : Using [0]eth0:10.36.85.12<0>
1a6c73bc986042c6ba1560206583d029-master-0:14582:14582 [0] NCCL INFO Using network Socket NCCL version 2.7.8+cuda11.1
1a6c73bc986042c6ba1560206583d029-master-0:14583:14583 [1] NCCL INFO Bootstrap : Using [0]eth0:10.36.85.12<0>
1a6c73bc986042c6ba1560206583d029-master-0:14586:14586 [2] NCCL INFO Bootstrap : Using [0]eth0:10.36.85.12<0>
1a6c73bc986042c6ba1560206583d029-master-0:14598:14598 [6] NCCL INFO Bootstrap : Using [0]eth0:10.36.85.12<0>
1a6c73bc986042c6ba1560206583d029-master-0:14595:14595 [5] NCCL INFO Bootstrap : Using [0]eth0:10.36.85.12<0>
1a6c73bc986042c6ba1560206583d029-master-0:14589:14589 [3] NCCL INFO Bootstrap : Using [0]eth0:10.36.85.12<0>
1a6c73bc986042c6ba1560206583d029-master-0:14601:14601 [7] NCCL INFO Bootstrap : Using [0]eth0:10.36.85.12<0>
1a6c73bc986042c6ba1560206583d029-master-0:14592:14592 [4] NCCL INFO Bootstrap : Using [0]eth0:10.36.85.12<0>
1a6c73bc986042c6ba1560206583d029-master-0:14583:14583 [1] NCCL INFO NET/Plugin : No plugin found (libnccl-net.so), using internal implementation
1a6c73bc986042c6ba1560206583d029-master-0:14595:14595 [5] NCCL INFO NET/Plugin : No plugin found (libnccl-net.so), using internal implementation 1a6c73bc986042c6ba1560206583d029-master-0:14583:14583 [1] misc/ibvwrap.cc:63 NCCL WARN Failed to open libibverbs.so[.1]
1a6c73bc986042c6ba1560206583d029-master-0:14598:14598 [6] NCCL INFO NET/Plugin : No plugin found (libnccl-net.so), using internal implementation
1a6c73bc986042c6ba1560206583d029-master-0:14589:14589 [3] NCCL INFO NET/Plugin : No plugin found (libnccl-net.so), using internal implementation
1a6c73bc986042c6ba1560206583d029-master-0:14601:14601 [7] NCCL INFO NET/Plugin : No plugin found (libnccl-net.so), using internal implementation
1a6c73bc986042c6ba1560206583d029-master-0:14583:14583 [1] NCCL INFO NET/Socket : Using [0]eth0:10.36.85.12<0>
1a6c73bc986042c6ba1560206583d029-master-0:14583:14583 [1] NCCL INFO Using network Socket 1a6c73bc986042c6ba1560206583d029-master-0:14595:14595 [5] misc/ibvwrap.cc:63 NCCL WARN Failed to open libibverbs.so[.1]
1a6c73bc986042c6ba1560206583d029-master-0:14595:14595 [5] NCCL INFO NET/Socket : Using [0]eth0:10.36.85.12<0>
1a6c73bc986042c6ba1560206583d029-master-0:14595:14595 [5] NCCL INFO Using network Socket
1a6c73bc986042c6ba1560206583d029-master-0:14586:14586 [2] NCCL INFO NET/Plugin : No plugin found (libnccl-net.so), using internal implementation 1a6c73bc986042c6ba1560206583d029-master-0:14589:14589 [3] misc/ibvwrap.cc:63 NCCL WARN Failed to open libibverbs.so[.1] 1a6c73bc986042c6ba1560206583d029-master-0:14598:14598 [6] misc/ibvwrap.cc:63 NCCL WARN Failed to open libibverbs.so[.1] 1a6c73bc986042c6ba1560206583d029-master-0:14601:14601 [7] misc/ibvwrap.cc:63 NCCL WARN Failed to open libibverbs.so[.1]
1a6c73bc986042c6ba1560206583d029-master-0:14592:14592 [4] NCCL INFO NET/Plugin : No plugin found (libnccl-net.so), using internal implementation 1a6c73bc986042c6ba1560206583d029-master-0:14586:14586 [2] misc/ibvwrap.cc:63 NCCL WARN Failed to open libibverbs.so[.1]
1a6c73bc986042c6ba1560206583d029-master-0:14598:14598 [6] NCCL INFO NET/Socket : Using [0]eth0:10.36.85.12<0>
1a6c73bc986042c6ba1560206583d029-master-0:14598:14598 [6] NCCL INFO Using network Socket 1a6c73bc986042c6ba1560206583d029-master-0:14592:14592 [4] misc/ibvwrap.cc:63 NCCL WARN Failed to open libibverbs.so[.1]
1a6c73bc986042c6ba1560206583d029-master-0:14601:14601 [7] NCCL INFO NET/Socket : Using [0]eth0:10.36.85.12<0>
1a6c73bc986042c6ba1560206583d029-master-0:14601:14601 [7] NCCL INFO Using network Socket
1a6c73bc986042c6ba1560206583d029-master-0:14589:14589 [3] NCCL INFO NET/Socket : Using [0]eth0:10.36.85.12<0>
1a6c73bc986042c6ba1560206583d029-master-0:14586:14586 [2] NCCL INFO NET/Socket : Using [0]eth0:10.36.85.12<0>
1a6c73bc986042c6ba1560206583d029-master-0:14589:14589 [3] NCCL INFO Using network Socket
1a6c73bc986042c6ba1560206583d029-master-0:14586:14586 [2] NCCL INFO Using network Socket
1a6c73bc986042c6ba1560206583d029-master-0:14592:14592 [4] NCCL INFO NET/Socket : Using [0]eth0:10.36.85.12<0>
1a6c73bc986042c6ba1560206583d029-master-0:14592:14592 [4] NCCL INFO Using network Socket
1a6c73bc986042c6ba1560206583d029-master-0:14595:14670 [5] NCCL INFO threadThresholds 8/8/64 | 64/8/64 | 8/8/64
1a6c73bc986042c6ba1560206583d029-master-0:14595:14670 [5] NCCL INFO Trees [0] 6/-1/-1->5->4|4->5->6/-1/-1 [1] 6/-1/-1->5->4|4->5->6/-1/-1 [2] 6/-1/-1->5->4|4->5->6/-1/-1 [3] 6/-1/-1->5->4|4->5->6/-1/-1 [4] 6/-1/-1->5->4|4->5->6/-1/-1 [5] 6/-1/-1->5->4|4->5->6/-1/-1 [6] 6/-1/-1->5->4|4->5->6/-1/-1 [7] 6/-1/-1->5->4|4->5->6/-1/-1 [8] 6/-1/-1->5->4|4->5->6/-1/-1 [9] 6/-1/-1->5->4|4->5->6/-1/-1 [10] 6/-1/-1->5->4|4->5->6/-1/-1 [11] 6/-1/-1->5->4|4->5->6/-1/-1 [12] 6/-1/-1->5->4|4->5->6/-1/-1 [13] 6/-1/-1->5->4|4->5->6/-1/-1 [14] 6/-1/-1->5->4|4->5->6/-1/-1 [15] 6/-1/-1->5->4|4->5->6/-1/-1 [16] 6/-1/-1->5->4|4->5->6/-1/-1 [17] 6/-1/-1->5->4|4->5->6/-1/-1 [18] 6/-1/-1->5->4|4->5->6/-1/-1 [19] 6/-1/-1->5->4|4->5->6/-1/-1 [20] 6/-1/-1->5->4|4->5->6/-1/-1 [21] 6/-1/-1->5->4|4->5->6/-1/-1 [22] 6/-1/-1->5->4|4->5->6/-1/-1 [23] 6/-1/-1->5->4|4->5->6/-1/-1
1a6c73bc986042c6ba1560206583d029-master-0:14595:14670 [5] NCCL INFO Setting affinity for GPU 5 to ffff,0000ffff
1a6c73bc986042c6ba1560206583d029-master-0:14582:14668 [0] NCCL INFO Channel 00/24 : 0 1 2 3 4 5 6 7
1a6c73bc986042c6ba1560206583d029-master-0:14582:14668 [0] NCCL INFO Channel 01/24 : 0 1 2 3 4 5 6 7
1a6c73bc986042c6ba1560206583d029-master-0:14582:14668 [0] NCCL INFO Channel 02/24 : 0 1 2 3 4 5 6 7
1a6c73bc986042c6ba1560206583d029-master-0:14582:14668 [0] NCCL INFO Channel 03/24 : 0 1 2 3 4 5 6 7
1a6c73bc986042c6ba1560206583d029-master-0:14582:14668 [0] NCCL INFO Channel 04/24 : 0 1 2 3 4 5 6 7
1a6c73bc986042c6ba1560206583d029-master-0:14582:14668 [0] NCCL INFO Channel 05/24 : 0 1 2 3 4 5 6 7
1a6c73bc986042c6ba1560206583d029-master-0:14582:14668 [0] NCCL INFO Channel 06/24 : 0 1 2 3 4 5 6 7
1a6c73bc986042c6ba1560206583d029-master-0:14598:14671 [6] NCCL INFO threadThresholds 8/8/64 | 64/8/64 | 8/8/64
1a6c73bc986042c6ba1560206583d029-master-0:14582:14668 [0] NCCL INFO Channel 07/24 : 0 1 2 3 4 5 6 7
1a6c73bc986042c6ba1560206583d029-master-0:14582:14668 [0] NCCL INFO Channel 08/24 : 0 1 2 3 4 5 6 7
1a6c73bc986042c6ba1560206583d029-master-0:14582:14668 [0] NCCL INFO Channel 09/24 : 0 1 2 3 4 5 6 7
1a6c73bc986042c6ba1560206583d029-master-0:14582:14668 [0] NCCL INFO Channel 10/24 : 0 1 2 3 4 5 6 7
1a6c73bc986042c6ba1560206583d029-master-0:14582:14668 [0] NCCL INFO Channel 11/24 : 0 1 2 3 4 5 6 7
1a6c73bc986042c6ba1560206583d029-master-0:14582:14668 [0] NCCL INFO Channel 12/24 : 0 1 2 3 4 5 6 7
1a6c73bc986042c6ba1560206583d029-master-0:14582:14668 [0] NCCL INFO Channel 13/24 : 0 1 2 3 4 5 6 7
1a6c73bc986042c6ba1560206583d029-master-0:14582:14668 [0] NCCL INFO Channel 14/24 : 0 1 2 3 4 5 6 7
1a6c73bc986042c6ba1560206583d029-master-0:14582:14668 [0] NCCL INFO Channel 15/24 : 0 1 2 3 4 5 6 7
1a6c73bc986042c6ba1560206583d029-master-0:14598:14671 [6] NCCL INFO Trees [0] 7/-1/-1->6->5|5->6->7/-1/-1 [1] 7/-1/-1->6->5|5->6->7/-1/-1 [2] 7/-1/-1->6->5|5->6->7/-1/-1 [3] 7/-1/-1->6->5|5->6->7/-1/-1 [4] 7/-1/-1->6->5|5->6->7/-1/-1 [5] 7/-1/-1->6->5|5->6->7/-1/-1 [6] 7/-1/-1->6->5|5->6->7/-1/-1 [7] 7/-1/-1->6->5|5->6->7/-1/-1 [8] 7/-1/-1->6->5|5->6->7/-1/-1 [9] 7/-1/-1->6->5|5->6->7/-1/-1 [10] 7/-1/-1->6->5|5->6->7/-1/-1 [11] 7/-1/-1->6->5|5->6->7/-1/-1 [12] 7/-1/-1->6->5|5->6->7/-1/-1 [13] 7/-1/-1->6->5|5->6->7/-1/-1 [14] 7/-1/-1->6->5|5->6->7/-1/-1 [15] 7/-1/-1->6->5|5->6->7/-1/-1 [16] 7/-1/-1->6->5|5->6->7/-1/-1 [17] 7/-1/-1->6->5|5->6->7/-1/-1 [18] 7/-1/-1->6->5|5->6->7/-1/-1 [19] 7/-1/-1->6->5|5->6->7/-1/-1 [20] 7/-1/-1->6->5|5->6->7/-1/-1 [21] 7/-1/-1->6->5|5->6->7/-1/-1 [22] 7/-1/-1->6->5|5->6->7/-1/-1 [23] 7/-1/-1->6->5|5->6->7/-1/-1
1a6c73bc986042c6ba1560206583d029-master-0:14582:14668 [0] NCCL INFO Channel 16/24 : 0 1 2 3 4 5 6 7
1a6c73bc986042c6ba1560206583d029-master-0:14582:14668 [0] NCCL INFO Channel 17/24 : 0 1 2 3 4 5 6 7
1a6c73bc986042c6ba1560206583d029-master-0:14582:14668 [0] NCCL INFO Channel 18/24 : 0 1 2 3 4 5 6 7
1a6c73bc986042c6ba1560206583d029-master-0:14582:14668 [0] NCCL INFO Channel 19/24 : 0 1 2 3 4 5 6 7
1a6c73bc986042c6ba1560206583d029-master-0:14582:14668 [0] NCCL INFO Channel 20/24 : 0 1 2 3 4 5 6 7
1a6c73bc986042c6ba1560206583d029-master-0:14582:14668 [0] NCCL INFO Channel 21/24 : 0 1 2 3 4 5 6 7
1a6c73bc986042c6ba1560206583d029-master-0:14598:14671 [6] NCCL INFO Setting affinity for GPU 6 to ffff,0000ffff
1a6c73bc986042c6ba1560206583d029-master-0:14582:14668 [0] NCCL INFO Channel 22/24 : 0 1 2 3 4 5 6 7
1a6c73bc986042c6ba1560206583d029-master-0:14582:14668 [0] NCCL INFO Channel 23/24 : 0 1 2 3 4 5 6 7
1a6c73bc986042c6ba1560206583d029-master-0:14601:14672 [7] NCCL INFO threadThresholds 8/8/64 | 64/8/64 | 8/8/64
1a6c73bc986042c6ba1560206583d029-master-0:14601:14672 [7] NCCL INFO Trees [0] -1/-1/-1->7->6|6->7->-1/-1/-1 [1] -1/-1/-1->7->6|6->7->-1/-1/-1 [2] -1/-1/-1->7->6|6->7->-1/-1/-1 [3] -1/-1/-1->7->6|6->7->-1/-1/-1 [4] -1/-1/-1->7->6|6->7->-1/-1/-1 [5] -1/-1/-1->7->6|6->7->-1/-1/-1 [6] -1/-1/-1->7->6|6->7->-1/-1/-1 [7] -1/-1/-1->7->6|6->7->-1/-1/-1 [8] -1/-1/-1->7->6|6->7->-1/-1/-1 [9] -1/-1/-1->7->6|6->7->-1/-1/-1 [10] -1/-1/-1->7->6|6->7->-1/-1/-1 [11] -1/-1/-1->7->6|6->7->-1/-1/-1 [12] -1/-1/-1->7->6|6->7->-1/-1/-1 [13] -1/-1/-1->7->6|6->7->-1/-1/-1 [14] -1/-1/-1->7->6|6->7->-1/-1/-1 [15] -1/-1/-1->7->6|6->7->-1/-1/-1 [16] -1/-1/-1->7->6|6->7->-1/-1/-1 [17] -1/-1/-1->7->6|6->7->-1/-1/-1 [18] -1/-1/-1->7->6|6->7->-1/-1/-1 [19] -1/-1/-1->7->6|6->7->-1/-1/-1 [20] -1/-1/-1->7->6|6->7->-1/-1/-1 [21] -1/-1/-1->7->6|6->7->-1/-1/-1 [22] -1/-1/-1->7->6|6->7->-1/-1/-1 [23] -1/-1/-1->7->6|6->7->-1/-1/-1
1a6c73bc986042c6ba1560206583d029-master-0:14601:14672 [7] NCCL INFO Setting affinity for GPU 7 to ffff,0000ffff
1a6c73bc986042c6ba1560206583d029-master-0:14586:14674 [2] NCCL INFO threadThresholds 8/8/64 | 64/8/64 | 8/8/64
1a6c73bc986042c6ba1560206583d029-master-0:14582:14668 [0] NCCL INFO threadThresholds 8/8/64 | 64/8/64 | 8/8/64
1a6c73bc986042c6ba1560206583d029-master-0:14586:14674 [2] NCCL INFO Trees [0] 3/-1/-1->2->1|1->2->3/-1/-1 [1] 3/-1/-1->2->1|1->2->3/-1/-1 [2] 3/-1/-1->2->1|1->2->3/-1/-1 [3] 3/-1/-1->2->1|1->2->3/-1/-1 [4] 3/-1/-1->2->1|1->2->3/-1/-1 [5] 3/-1/-1->2->1|1->2->3/-1/-1 [6] 3/-1/-1->2->1|1->2->3/-1/-1 [7] 3/-1/-1->2->1|1->2->3/-1/-1 [8] 3/-1/-1->2->1|1->2->3/-1/-1 [9] 3/-1/-1->2->1|1->2->3/-1/-1 [10] 3/-1/-1->2->1|1->2->3/-1/-1 [11] 3/-1/-1->2->1|1->2->3/-1/-1 [12] 3/-1/-1->2->1|1->2->3/-1/-1 [13] 3/-1/-1->2->1|1->2->3/-1/-1 [14] 3/-1/-1->2->1|1->2->3/-1/-1 [15] 3/-1/-1->2->1|1->2->3/-1/-1 [16] 3/-1/-1->2->1|1->2->3/-1/-1 [17] 3/-1/-1->2->1|1->2->3/-1/-1 [18] 3/-1/-1->2->1|1->2->3/-1/-1 [19] 3/-1/-1->2->1|1->2->3/-1/-1 [20] 3/-1/-1->2->1|1->2->3/-1/-1 [21] 3/-1/-1->2->1|1->2->3/-1/-1 [22] 3/-1/-1->2->1|1->2->3/-1/-1 [23] 3/-1/-1->2->1|1->2->3/-1/-1
1a6c73bc986042c6ba1560206583d029-master-0:14586:14674 [2] NCCL INFO Setting affinity for GPU 2 to ffff,0000ffff
1a6c73bc986042c6ba1560206583d029-master-0:14583:14669 [1] NCCL INFO threadThresholds 8/8/64 | 64/8/64 | 8/8/64
1a6c73bc986042c6ba1560206583d029-master-0:14582:14668 [0] NCCL INFO Trees [0] 1/-1/-1->0->-1|-1->0->1/-1/-1 [1] 1/-1/-1->0->-1|-1->0->1/-1/-1 [2] 1/-1/-1->0->-1|-1->0->1/-1/-1 [3] 1/-1/-1->0->-1|-1->0->1/-1/-1 [4] 1/-1/-1->0->-1|-1->0->1/-1/-1 [5] 1/-1/-1->0->-1|-1->0->1/-1/-1 [6] 1/-1/-1->0->-1|-1->0->1/-1/-1 [7] 1/-1/-1->0->-1|-1->0->1/-1/-1 [8] 1/-1/-1->0->-1|-1->0->1/-1/-1 [9] 1/-1/-1->0->-1|-1->0->1/-1/-1 [10] 1/-1/-1->0->-1|-1->0->1/-1/-1 [11] 1/-1/-1->0->-1|-1->0->1/-1/-1 [12] 1/-1/-1->0->-1|-1->0->1/-1/-1 [13] 1/-1/-1->0->-1|-1->0->1/-1/-1 [14] 1/-1/-1->0->-1|-1->0->1/-1/-1 [15] 1/-1/-1->0->-1|-1->0->1/-1/-1 [16] 1/-1/-1->0->-1|-1->0->1/-1/-1 [17] 1/-1/-1->0->-1|-1->0->1/-1/-1 [18] 1/-1/-1->0->-1|-1->0->1/-1/-1 [19] 1/-1/-1->0->-1|-1->0->1/-1/-1 [20] 1/-1/-1->0->-1|-1->0->1/-1/-1 [21] 1/-1/-1->0->-1|-1->0->1/-1/-1 [22] 1/-1/-1->0->-1|-1->0->1/-1/-1 [23] 1/-1/-1->0->-1|-1->0->1/-1/-1
1a6c73bc986042c6ba1560206583d029-master-0:14589:14673 [3] NCCL INFO threadThresholds 8/8/64 | 64/8/64 | 8/8/64
1a6c73bc986042c6ba1560206583d029-master-0:14583:14669 [1] NCCL INFO Trees [0] 2/-1/-1->1->0|0->1->2/-1/-1 [1] 2/-1/-1->1->0|0->1->2/-1/-1 [2] 2/-1/-1->1->0|0->1->2/-1/-1 [3] 2/-1/-1->1->0|0->1->2/-1/-1 [4] 2/-1/-1->1->0|0->1->2/-1/-1 [5] 2/-1/-1->1->0|0->1->2/-1/-1 [6] 2/-1/-1->1->0|0->1->2/-1/-1 [7] 2/-1/-1->1->0|0->1->2/-1/-1 [8] 2/-1/-1->1->0|0->1->2/-1/-1 [9] 2/-1/-1->1->0|0->1->2/-1/-1 [10] 2/-1/-1->1->0|0->1->2/-1/-1 [11] 2/-1/-1->1->0|0->1->2/-1/-1 [12] 2/-1/-1->1->0|0->1->2/-1/-1 [13] 2/-1/-1->1->0|0->1->2/-1/-1 [14] 2/-1/-1->1->0|0->1->2/-1/-1 [15] 2/-1/-1->1->0|0->1->2/-1/-1 [16] 2/-1/-1->1->0|0->1->2/-1/-1 [17] 2/-1/-1->1->0|0->1->2/-1/-1 [18] 2/-1/-1->1->0|0->1->2/-1/-1 [19] 2/-1/-1->1->0|0->1->2/-1/-1 [20] 2/-1/-1->1->0|0->1->2/-1/-1 [21] 2/-1/-1->1->0|0->1->2/-1/-1 [22] 2/-1/-1->1->0|0->1->2/-1/-1 [23] 2/-1/-1->1->0|0->1->2/-1/-1
1a6c73bc986042c6ba1560206583d029-master-0:14583:14669 [1] NCCL INFO Setting affinity for GPU 1 to ffff,0000ffff
1a6c73bc986042c6ba1560206583d029-master-0:14582:14668 [0] NCCL INFO Setting affinity for GPU 0 to ffff,0000ffff
1a6c73bc986042c6ba1560206583d029-master-0:14589:14673 [3] NCCL INFO Trees [0] 4/-1/-1->3->2|2->3->4/-1/-1 [1] 4/-1/-1->3->2|2->3->4/-1/-1 [2] 4/-1/-1->3->2|2->3->4/-1/-1 [3] 4/-1/-1->3->2|2->3->4/-1/-1 [4] 4/-1/-1->3->2|2->3->4/-1/-1 [5] 4/-1/-1->3->2|2->3->4/-1/-1 [6] 4/-1/-1->3->2|2->3->4/-1/-1 [7] 4/-1/-1->3->2|2->3->4/-1/-1 [8] 4/-1/-1->3->2|2->3->4/-1/-1 [9] 4/-1/-1->3->2|2->3->4/-1/-1 [10] 4/-1/-1->3->2|2->3->4/-1/-1 [11] 4/-1/-1->3->2|2->3->4/-1/-1 [12] 4/-1/-1->3->2|2->3->4/-1/-1 [13] 4/-1/-1->3->2|2->3->4/-1/-1 [14] 4/-1/-1->3->2|2->3->4/-1/-1 [15] 4/-1/-1->3->2|2->3->4/-1/-1 [16] 4/-1/-1->3->2|2->3->4/-1/-1 [17] 4/-1/-1->3->2|2->3->4/-1/-1 [18] 4/-1/-1->3->2|2->3->4/-1/-1 [19] 4/-1/-1->3->2|2->3->4/-1/-1 [20] 4/-1/-1->3->2|2->3->4/-1/-1 [21] 4/-1/-1->3->2|2->3->4/-1/-1 [22] 4/-1/-1->3->2|2->3->4/-1/-1 [23] 4/-1/-1->3->2|2->3->4/-1/-1
1a6c73bc986042c6ba1560206583d029-master-0:14589:14673 [3] NCCL INFO Setting affinity for GPU 3 to ffff,0000ffff
1a6c73bc986042c6ba1560206583d029-master-0:14592:14675 [4] NCCL INFO threadThresholds 8/8/64 | 64/8/64 | 8/8/64
1a6c73bc986042c6ba1560206583d029-master-0:14592:14675 [4] NCCL INFO Trees [0] 5/-1/-1->4->3|3->4->5/-1/-1 [1] 5/-1/-1->4->3|3->4->5/-1/-1 [2] 5/-1/-1->4->3|3->4->5/-1/-1 [3] 5/-1/-1->4->3|3->4->5/-1/-1 [4] 5/-1/-1->4->3|3->4->5/-1/-1 [5] 5/-1/-1->4->3|3->4->5/-1/-1 [6] 5/-1/-1->4->3|3->4->5/-1/-1 [7] 5/-1/-1->4->3|3->4->5/-1/-1 [8] 5/-1/-1->4->3|3->4->5/-1/-1 [9] 5/-1/-1->4->3|3->4->5/-1/-1 [10] 5/-1/-1->4->3|3->4->5/-1/-1 [11] 5/-1/-1->4->3|3->4->5/-1/-1 [12] 5/-1/-1->4->3|3->4->5/-1/-1 [13] 5/-1/-1->4->3|3->4->5/-1/-1 [14] 5/-1/-1->4->3|3->4->5/-1/-1 [15] 5/-1/-1->4->3|3->4->5/-1/-1 [16] 5/-1/-1->4->3|3->4->5/-1/-1 [17] 5/-1/-1->4->3|3->4->5/-1/-1 [18] 5/-1/-1->4->3|3->4->5/-1/-1 [19] 5/-1/-1->4->3|3->4->5/-1/-1 [20] 5/-1/-1->4->3|3->4->5/-1/-1 [21] 5/-1/-1->4->3|3->4->5/-1/-1 [22] 5/-1/-1->4->3|3->4->5/-1/-1 [23] 5/-1/-1->4->3|3->4->5/-1/-1
1a6c73bc986042c6ba1560206583d029-master-0:14592:14675 [4] NCCL INFO Setting affinity for GPU 4 to ffff,0000ffff
1a6c73bc986042c6ba1560206583d029-master-0:14601:14672 [7] NCCL INFO Channel 00 : 7[e00000] -> 0[100000] via P2P/IPC/read
1a6c73bc986042c6ba1560206583d029-master-0:14592:14675 [4] NCCL INFO Channel 00 : 4[b00000] -> 5[c00000] via P2P/IPC/read
1a6c73bc986042c6ba1560206583d029-master-0:14586:14674 [2] NCCL INFO Channel 00 : 2[300000] -> 3[400000] via P2P/IPC/read
1a6c73bc986042c6ba1560206583d029-master-0:14598:14671 [6] NCCL INFO Channel 00 : 6[d00000] -> 7[e00000] via P2P/IPC/read
1a6c73bc986042c6ba1560206583d029-master-0:14589:14673 [3] NCCL INFO Channel 00 : 3[400000] -> 4[b00000] via P2P/IPC/read
1a6c73bc986042c6ba1560206583d029-master-0:14582:14668 [0] NCCL INFO Channel 00 : 0[100000] -> 1[200000] via P2P/IPC/read
1a6c73bc986042c6ba1560206583d029-master-0:14595:14670 [5] NCCL INFO Channel 00 : 5[c00000] -> 6[d00000] via P2P/IPC/read
1a6c73bc986042c6ba1560206583d029-master-0:14601:14672 [7] NCCL INFO Channel 00 : 7[e00000] -> 6[d00000] via P2P/IPC/read
1a6c73bc986042c6ba1560206583d029-master-0:14583:14669 [1] NCCL INFO Channel 00 : 1[200000] -> 2[300000] via P2P/IPC/read
1a6c73bc986042c6ba1560206583d029-master-0:14589:14673 [3] NCCL INFO Channel 00 : 3[400000] -> 2[300000] via P2P/IPC/read
1a6c73bc986042c6ba1560206583d029-master-0:14592:14675 [4] NCCL INFO Channel 00 : 4[b00000] -> 3[400000] via P2P/IPC/read
1a6c73bc986042c6ba1560206583d029-master-0:14598:14671 [6] NCCL INFO Channel 00 : 6[d00000] -> 5[c00000] via P2P/IPC/read
1a6c73bc986042c6ba1560206583d029-master-0:14586:14674 [2] NCCL INFO Channel 00 : 2[300000] -> 1[200000] via P2P/IPC/read
1a6c73bc986042c6ba1560206583d029-master-0:14595:14670 [5] NCCL INFO Channel 00 : 5[c00000] -> 4[b00000] via P2P/IPC/read
1a6c73bc986042c6ba1560206583d029-master-0:14583:14669 [1] NCCL INFO Channel 00 : 1[200000] -> 0[100000] via P2P/IPC/read
1a6c73bc986042c6ba1560206583d029-master-0:14601:14672 [7] NCCL INFO Channel 01 : 7[e00000] -> 0[100000] via P2P/IPC/read
1a6c73bc986042c6ba1560206583d029-master-0:14589:14673 [3] NCCL INFO Channel 01 : 3[400000] -> 4[b00000] via P2P/IPC/read
1a6c73bc986042c6ba1560206583d029-master-0:14598:14671 [6] NCCL INFO Channel 01 : 6[d00000] -> 7[e00000] via P2P/IPC/read
1a6c73bc986042c6ba1560206583d029-master-0:14592:14675 [4] NCCL INFO Channel 01 : 4[b00000] -> 5[c00000] via P2P/IPC/read
1a6c73bc986042c6ba1560206583d029-master-0:14586:14674 [2] NCCL INFO Channel 01 : 2[300000] -> 3[400000] via P2P/IPC/read
1a6c73bc986042c6ba1560206583d029-master-0:14595:14670 [5] NCCL INFO Channel 01 : 5[c00000] -> 6[d00000] via P2P/IPC/read
1a6c73bc986042c6ba1560206583d029-master-0:14582:14668 [0] NCCL INFO Channel 01 : 0[100000] -> 1[200000] via P2P/IPC/read
1a6c73bc986042c6ba1560206583d029-master-0:14583:14669 [1] NCCL INFO Channel 01 : 1[200000] -> 2[300000] via P2P/IPC/read
1a6c73bc986042c6ba1560206583d029-master-0:14601:14672 [7] NCCL INFO Channel 01 : 7[e00000] -> 6[d00000] via P2P/IPC/read
1a6c73bc986042c6ba1560206583d029-master-0:14589:14673 [3] NCCL INFO Channel 01 : 3[400000] -> 2[300000] via P2P/IPC/read
1a6c73bc986042c6ba1560206583d029-master-0:14592:14675 [4] NCCL INFO Channel 01 : 4[b00000] -> 3[400000] via P2P/IPC/read
1a6c73bc986042c6ba1560206583d029-master-0:14598:14671 [6] NCCL INFO Channel 01 : 6[d00000] -> 5[c00000] via P2P/IPC/read
1a6c73bc986042c6ba1560206583d029-master-0:14595:14670 [5] NCCL INFO Channel 01 : 5[c00000] -> 4[b00000] via P2P/IPC/read
1a6c73bc986042c6ba1560206583d029-master-0:14586:14674 [2] NCCL INFO Channel 01 : 2[300000] -> 1[200000] via P2P/IPC/read
1a6c73bc986042c6ba1560206583d029-master-0:14583:14669 [1] NCCL INFO Channel 01 : 1[200000] -> 0[100000] via P2P/IPC/read
1a6c73bc986042c6ba1560206583d029-master-0:14601:14672 [7] NCCL INFO Channel 02 : 7[e00000] -> 0[100000] via P2P/IPC/read
1a6c73bc986042c6ba1560206583d029-master-0:14589:14673 [3] NCCL INFO Channel 02 : 3[400000] -> 4[b00000] via P2P/IPC/read
1a6c73bc986042c6ba1560206583d029-master-0:14598:14671 [6] NCCL INFO Channel 02 : 6[d00000] -> 7[e00000] via P2P/IPC/read
1a6c73bc986042c6ba1560206583d029-master-0:14592:14675 [4] NCCL INFO Channel 02 : 4[b00000] -> 5[c00000] via P2P/IPC/read
1a6c73bc986042c6ba1560206583d029-master-0:14595:14670 [5] NCCL INFO Channel 02 : 5[c00000] -> 6[d00000] via P2P/IPC/read
1a6c73bc986042c6ba1560206583d029-master-0:14582:14668 [0] NCCL INFO Channel 02 : 0[100000] -> 1[200000] via P2P/IPC/read
1a6c73bc986042c6ba1560206583d029-master-0:14586:14674 [2] NCCL INFO Channel 02 : 2[300000] -> 3[400000] via P2P/IPC/read
1a6c73bc986042c6ba1560206583d029-master-0:14583:14669 [1] NCCL INFO Channel 02 : 1[200000] -> 2[300000] via P2P/IPC/read
1a6c73bc986042c6ba1560206583d029-master-0:14601:14672 [7] NCCL INFO Channel 02 : 7[e00000] -> 6[d00000] via P2P/IPC/read
1a6c73bc986042c6ba1560206583d029-master-0:14592:14675 [4] NCCL INFO Channel 02 : 4[b00000] -> 3[400000] via P2P/IPC/read
1a6c73bc986042c6ba1560206583d029-master-0:14598:14671 [6] NCCL INFO Channel 02 : 6[d00000] -> 5[c00000] via P2P/IPC/read
1a6c73bc986042c6ba1560206583d029-master-0:14589:14673 [3] NCCL INFO Channel 02 : 3[400000] -> 2[300000] via P2P/IPC/read
1a6c73bc986042c6ba1560206583d029-master-0:14586:14674 [2] NCCL INFO Channel 02 : 2[300000] -> 1[200000] via P2P/IPC/read
1a6c73bc986042c6ba1560206583d029-master-0:14595:14670 [5] NCCL INFO Channel 02 : 5[c00000] -> 4[b00000] via P2P/IPC/read
1a6c73bc986042c6ba1560206583d029-master-0:14583:14669 [1] NCCL INFO Channel 02 : 1[200000] -> 0[100000] via P2P/IPC/read
1a6c73bc986042c6ba1560206583d029-master-0:14601:14672 [7] NCCL INFO Channel 03 : 7[e00000] -> 0[100000] via P2P/IPC/read
1a6c73bc986042c6ba1560206583d029-master-0:14598:14671 [6] NCCL INFO Channel 03 : 6[d00000] -> 7[e00000] via P2P/IPC/read
1a6c73bc986042c6ba1560206583d029-master-0:14589:14673 [3] NCCL INFO Channel 03 : 3[400000] -> 4[b00000] via P2P/IPC/read
1a6c73bc986042c6ba1560206583d029-master-0:14592:14675 [4] NCCL INFO Channel 03 : 4[b00000] -> 5[c00000] via P2P/IPC/read
1a6c73bc986042c6ba1560206583d029-master-0:14586:14674 [2] NCCL INFO Channel 03 : 2[300000] -> 3[400000] via P2P/IPC/read
1a6c73bc986042c6ba1560206583d029-master-0:14582:14668 [0] NCCL INFO Channel 03 : 0[100000] -> 1[200000] via P2P/IPC/read
1a6c73bc986042c6ba1560206583d029-master-0:14595:14670 [5] NCCL INFO Channel 03 : 5[c00000] -> 6[d00000] via P2P/IPC/read
1a6c73bc986042c6ba1560206583d029-master-0:14583:14669 [1] NCCL INFO Channel 03 : 1[200000] -> 2[300000] via P2P/IPC/read
1a6c73bc986042c6ba1560206583d029-master-0:14601:14672 [7] NCCL INFO Channel 03 : 7[e00000] -> 6[d00000] via P2P/IPC/read
1a6c73bc986042c6ba1560206583d029-master-0:14589:14673 [3] NCCL INFO Channel 03 : 3[400000] -> 2[300000] via P2P/IPC/read
1a6c73bc986042c6ba1560206583d029-master-0:14592:14675 [4] NCCL INFO Channel 03 : 4[b00000] -> 3[400000] via P2P/IPC/read
1a6c73bc986042c6ba1560206583d029-master-0:14598:14671 [6] NCCL INFO Channel 03 : 6[d00000] -> 5[c00000] via P2P/IPC/read
1a6c73bc986042c6ba1560206583d029-master-0:14586:14674 [2] NCCL INFO Channel 03 : 2[300000] -> 1[200000] via P2P/IPC/read
1a6c73bc986042c6ba1560206583d029-master-0:14595:14670 [5] NCCL INFO Channel 03 : 5[c00000] -> 4[b00000] via P2P/IPC/read
1a6c73bc986042c6ba1560206583d029-master-0:14583:14669 [1] NCCL INFO Channel 03 : 1[200000] -> 0[100000] via P2P/IPC/read
1a6c73bc986042c6ba1560206583d029-master-0:14601:14672 [7] NCCL INFO Channel 04 : 7[e00000] -> 0[100000] via P2P/IPC/read
1a6c73bc986042c6ba1560206583d029-master-0:14589:14673 [3] NCCL INFO Channel 04 : 3[400000] -> 4[b00000] via P2P/IPC/read
1a6c73bc986042c6ba1560206583d029-master-0:14592:14675 [4] NCCL INFO Channel 04 : 4[b00000] -> 5[c00000] via P2P/IPC/read
1a6c73bc986042c6ba1560206583d029-master-0:14598:14671 [6] NCCL INFO Channel 04 : 6[d00000] -> 7[e00000] via P2P/IPC/read
1a6c73bc986042c6ba1560206583d029-master-0:14582:14668 [0] NCCL INFO Channel 04 : 0[100000] -> 1[200000] via P2P/IPC/read
1a6c73bc986042c6ba1560206583d029-master-0:14586:14674 [2] NCCL INFO Channel 04 : 2[300000] -> 3[400000] via P2P/IPC/read
1a6c73bc986042c6ba1560206583d029-master-0:14595:14670 [5] NCCL INFO Channel 04 : 5[c00000] -> 6[d00000] via P2P/IPC/read
1a6c73bc986042c6ba1560206583d029-master-0:14583:14669 [1] NCCL INFO Channel 04 : 1[200000] -> 2[300000] via P2P/IPC/read
1a6c73bc986042c6ba1560206583d029-master-0:14601:14672 [7] NCCL INFO Channel 04 : 7[e00000] -> 6[d00000] via P2P/IPC/read
1a6c73bc986042c6ba1560206583d029-master-0:14589:14673 [3] NCCL INFO Channel 04 : 3[400000] -> 2[300000] via P2P/IPC/read
1a6c73bc986042c6ba1560206583d029-master-0:14592:14675 [4] NCCL INFO Channel 04 : 4[b00000] -> 3[400000] via P2P/IPC/read
1a6c73bc986042c6ba1560206583d029-master-0:14598:14671 [6] NCCL INFO Channel 04 : 6[d00000] -> 5[c00000] via P2P/IPC/read
1a6c73bc986042c6ba1560206583d029-master-0:14595:14670 [5] NCCL INFO Channel 04 : 5[c00000] -> 4[b00000] via P2P/IPC/read
1a6c73bc986042c6ba1560206583d029-master-0:14586:14674 [2] NCCL INFO Channel 04 : 2[300000] -> 1[200000] via P2P/IPC/read
1a6c73bc986042c6ba1560206583d029-master-0:14583:14669 [1] NCCL INFO Channel 04 : 1[200000] -> 0[100000] via P2P/IPC/read
1a6c73bc986042c6ba1560206583d029-master-0:14601:14672 [7] NCCL INFO Channel 05 : 7[e00000] -> 0[100000] via P2P/IPC/read
1a6c73bc986042c6ba1560206583d029-master-0:14589:14673 [3] NCCL INFO Channel 05 : 3[400000] -> 4[b00000] via P2P/IPC/read
1a6c73bc986042c6ba1560206583d029-master-0:14592:14675 [4] NCCL INFO Channel 05 : 4[b00000] -> 5[c00000] via P2P/IPC/read
1a6c73bc986042c6ba1560206583d029-master-0:14598:14671 [6] NCCL INFO Channel 05 : 6[d00000] -> 7[e00000] via P2P/IPC/read
1a6c73bc986042c6ba1560206583d029-master-0:14595:14670 [5] NCCL INFO Channel 05 : 5[c00000] -> 6[d00000] via P2P/IPC/read
1a6c73bc986042c6ba1560206583d029-master-0:14586:14674 [2] NCCL INFO Channel 05 : 2[300000] -> 3[400000] via P2P/IPC/read
1a6c73bc986042c6ba1560206583d029-master-0:14582:14668 [0] NCCL INFO Channel 05 : 0[100000] -> 1[200000] via P2P/IPC/read
1a6c73bc986042c6ba1560206583d029-master-0:14583:14669 [1] NCCL INFO Channel 05 : 1[200000] -> 2[300000] via P2P/IPC/read
1a6c73bc986042c6ba1560206583d029-master-0:14601:14672 [7] NCCL INFO Channel 05 : 7[e00000] -> 6[d00000] via P2P/IPC/read
1a6c73bc986042c6ba1560206583d029-master-0:14589:14673 [3] NCCL INFO Channel 05 : 3[400000] -> 2[300000] via P2P/IPC/read
1a6c73bc986042c6ba1560206583d029-master-0:14592:14675 [4] NCCL INFO Channel 05 : 4[b00000] -> 3[400000] via P2P/IPC/read
1a6c73bc986042c6ba1560206583d029-master-0:14598:14671 [6] NCCL INFO Channel 05 : 6[d00000] -> 5[c00000] via P2P/IPC/read
1a6c73bc986042c6ba1560206583d029-master-0:14595:14670 [5] NCCL INFO Channel 05 : 5[c00000] -> 4[b00000] via P2P/IPC/read
1a6c73bc986042c6ba1560206583d029-master-0:14586:14674 [2] NCCL INFO Channel 05 : 2[300000] -> 1[200000] via P2P/IPC/read
1a6c73bc986042c6ba1560206583d029-master-0:14583:14669 [1] NCCL INFO Channel 05 : 1[200000] -> 0[100000] via P2P/IPC/read
1a6c73bc986042c6ba1560206583d029-master-0:14601:14672 [7] NCCL INFO Channel 06 : 7[e00000] -> 0[100000] via P2P/IPC/read
1a6c73bc986042c6ba1560206583d029-master-0:14592:14675 [4] NCCL INFO Channel 06 : 4[b00000] -> 5[c00000] via P2P/IPC/read
1a6c73bc986042c6ba1560206583d029-master-0:14589:14673 [3] NCCL INFO Channel 06 : 3[400000] -> 4[b00000] via P2P/IPC/read
1a6c73bc986042c6ba1560206583d029-master-0:14595:14670 [5] NCCL INFO Channel 06 : 5[c00000] -> 6[d00000] via P2P/IPC/read
1a6c73bc986042c6ba1560206583d029-master-0:14598:14671 [6] NCCL INFO Channel 06 : 6[d00000] -> 7[e00000] via P2P/IPC/read
1a6c73bc986042c6ba1560206583d029-master-0:14586:14674 [2] NCCL INFO Channel 06 : 2[300000] -> 3[400000] via P2P/IPC/read
1a6c73bc986042c6ba1560206583d029-master-0:14582:14668 [0] NCCL INFO Channel 06 : 0[100000] -> 1[200000] via P2P/IPC/read
1a6c73bc986042c6ba1560206583d029-master-0:14583:14669 [1] NCCL INFO Channel 06 : 1[200000] -> 2[300000] via P2P/IPC/read
1a6c73bc986042c6ba1560206583d029-master-0:14601:14672 [7] NCCL INFO Channel 06 : 7[e00000] -> 6[d00000] via P2P/IPC/read
1a6c73bc986042c6ba1560206583d029-master-0:14592:14675 [4] NCCL INFO Channel 06 : 4[b00000] -> 3[400000] via P2P/IPC/read
1a6c73bc986042c6ba1560206583d029-master-0:14595:14670 [5] NCCL INFO Channel 06 : 5[c00000] -> 4[b00000] via P2P/IPC/read
1a6c73bc986042c6ba1560206583d029-master-0:14589:14673 [3] NCCL INFO Channel 06 : 3[400000] -> 2[300000] via P2P/IPC/read
1a6c73bc986042c6ba1560206583d029-master-0:14598:14671 [6] NCCL INFO Channel 06 : 6[d00000] -> 5[c00000] via P2P/IPC/read
1a6c73bc986042c6ba1560206583d029-master-0:14586:14674 [2] NCCL INFO Channel 06 : 2[300000] -> 1[200000] via P2P/IPC/read
1a6c73bc986042c6ba1560206583d029-master-0:14583:14669 [1] NCCL INFO Channel 06 : 1[200000] -> 0[100000] via P2P/IPC/read
1a6c73bc986042c6ba1560206583d029-master-0:14601:14672 [7] NCCL INFO Channel 07 : 7[e00000] -> 0[100000] via P2P/IPC/read
1a6c73bc986042c6ba1560206583d029-master-0:14592:14675 [4] NCCL INFO Channel 07 : 4[b00000] -> 5[c00000] via P2P/IPC/read
1a6c73bc986042c6ba1560206583d029-master-0:14595:14670 [5] NCCL INFO Channel 07 : 5[c00000] -> 6[d00000] via P2P/IPC/read
1a6c73bc986042c6ba1560206583d029-master-0:14589:14673 [3] NCCL INFO Channel 07 : 3[400000] -> 4[b00000] via P2P/IPC/read
1a6c73bc986042c6ba1560206583d029-master-0:14598:14671 [6] NCCL INFO Channel 07 : 6[d00000] -> 7[e00000] via P2P/IPC/read
1a6c73bc986042c6ba1560206583d029-master-0:14586:14674 [2] NCCL INFO Channel 07 : 2[300000] -> 3[400000] via P2P/IPC/read
1a6c73bc986042c6ba1560206583d029-master-0:14582:14668 [0] NCCL INFO Channel 07 : 0[100000] -> 1[200000] via P2P/IPC/read
1a6c73bc986042c6ba1560206583d029-master-0:14583:14669 [1] NCCL INFO Channel 07 : 1[200000] -> 2[300000] via P2P/IPC/read
1a6c73bc986042c6ba1560206583d029-master-0:14601:14672 [7] NCCL INFO Channel 07 : 7[e00000] -> 6[d00000] via P2P/IPC/read
1a6c73bc986042c6ba1560206583d029-master-0:14592:14675 [4] NCCL INFO Channel 07 : 4[b00000] -> 3[400000] via P2P/IPC/read
1a6c73bc986042c6ba1560206583d029-master-0:14595:14670 [5] NCCL INFO Channel 07 : 5[c00000] -> 4[b00000] via P2P/IPC/read
1a6c73bc986042c6ba1560206583d029-master-0:14598:14671 [6] NCCL INFO Channel 07 : 6[d00000] -> 5[c00000] via P2P/IPC/read
1a6c73bc986042c6ba1560206583d029-master-0:14589:14673 [3] NCCL INFO Channel 07 : 3[400000] -> 2[300000] via P2P/IPC/read
1a6c73bc986042c6ba1560206583d029-master-0:14586:14674 [2] NCCL INFO Channel 07 : 2[300000] -> 1[200000] via P2P/IPC/read
1a6c73bc986042c6ba1560206583d029-master-0:14583:14669 [1] NCCL INFO Channel 07 : 1[200000] -> 0[100000] via P2P/IPC/read
1a6c73bc986042c6ba1560206583d029-master-0:14601:14672 [7] NCCL INFO Channel 08 : 7[e00000] -> 0[100000] via P2P/IPC/read
1a6c73bc986042c6ba1560206583d029-master-0:14592:14675 [4] NCCL INFO Channel 08 : 4[b00000] -> 5[c00000] via P2P/IPC/read
1a6c73bc986042c6ba1560206583d029-master-0:14589:14673 [3] NCCL INFO Channel 08 : 3[400000] -> 4[b00000] via P2P/IPC/read
1a6c73bc986042c6ba1560206583d029-master-0:14595:14670 [5] NCCL INFO Channel 08 : 5[c00000] -> 6[d00000] via P2P/IPC/read
1a6c73bc986042c6ba1560206583d029-master-0:14598:14671 [6] NCCL INFO Channel 08 : 6[d00000] -> 7[e00000] via P2P/IPC/read
1a6c73bc986042c6ba1560206583d029-master-0:14582:14668 [0] NCCL INFO Channel 08 : 0[100000] -> 1[200000] via P2P/IPC/read
1a6c73bc986042c6ba1560206583d029-master-0:14586:14674 [2] NCCL INFO Channel 08 : 2[300000] -> 3[400000] via P2P/IPC/read
1a6c73bc986042c6ba1560206583d029-master-0:14583:14669 [1] NCCL INFO Channel 08 : 1[200000] -> 2[300000] via P2P/IPC/read
1a6c73bc986042c6ba1560206583d029-master-0:14601:14672 [7] NCCL INFO Channel 08 : 7[e00000] -> 6[d00000] via P2P/IPC/read
1a6c73bc986042c6ba1560206583d029-master-0:14592:14675 [4] NCCL INFO Channel 08 : 4[b00000] -> 3[400000] via P2P/IPC/read
1a6c73bc986042c6ba1560206583d029-master-0:14598:14671 [6] NCCL INFO Channel 08 : 6[d00000] -> 5[c00000] via P2P/IPC/read
1a6c73bc986042c6ba1560206583d029-master-0:14595:14670 [5] NCCL INFO Channel 08 : 5[c00000] -> 4[b00000] via P2P/IPC/read
1a6c73bc986042c6ba1560206583d029-master-0:14589:14673 [3] NCCL INFO Channel 08 : 3[400000] -> 2[300000] via P2P/IPC/read
1a6c73bc986042c6ba1560206583d029-master-0:14586:14674 [2] NCCL INFO Channel 08 : 2[300000] -> 1[200000] via P2P/IPC/read
1a6c73bc986042c6ba1560206583d029-master-0:14583:14669 [1] NCCL INFO Channel 08 : 1[200000] -> 0[100000] via P2P/IPC/read
1a6c73bc986042c6ba1560206583d029-master-0:14601:14672 [7] NCCL INFO Channel 09 : 7[e00000] -> 0[100000] via P2P/IPC/read
1a6c73bc986042c6ba1560206583d029-master-0:14592:14675 [4] NCCL INFO Channel 09 : 4[b00000] -> 5[c00000] via P2P/IPC/read
1a6c73bc986042c6ba1560206583d029-master-0:14598:14671 [6] NCCL INFO Channel 09 : 6[d00000] -> 7[e00000] via P2P/IPC/read
1a6c73bc986042c6ba1560206583d029-master-0:14595:14670 [5] NCCL INFO Channel 09 : 5[c00000] -> 6[d00000] via P2P/IPC/read
1a6c73bc986042c6ba1560206583d029-master-0:14589:14673 [3] NCCL INFO Channel 09 : 3[400000] -> 4[b00000] via P2P/IPC/read
1a6c73bc986042c6ba1560206583d029-master-0:14582:14668 [0] NCCL INFO Channel 09 : 0[100000] -> 1[200000] via P2P/IPC/read
1a6c73bc986042c6ba1560206583d029-master-0:14586:14674 [2] NCCL INFO Channel 09 : 2[300000] -> 3[400000] via P2P/IPC/read
1a6c73bc986042c6ba1560206583d029-master-0:14583:14669 [1] NCCL INFO Channel 09 : 1[200000] -> 2[300000] via P2P/IPC/read
1a6c73bc986042c6ba1560206583d029-master-0:14601:14672 [7] NCCL INFO Channel 09 : 7[e00000] -> 6[d00000] via P2P/IPC/read
1a6c73bc986042c6ba1560206583d029-master-0:14592:14675 [4] NCCL INFO Channel 09 : 4[b00000] -> 3[400000] via P2P/IPC/read
1a6c73bc986042c6ba1560206583d029-master-0:14595:14670 [5] NCCL INFO Channel 09 : 5[c00000] -> 4[b00000] via P2P/IPC/read
1a6c73bc986042c6ba1560206583d029-master-0:14598:14671 [6] NCCL INFO Channel 09 : 6[d00000] -> 5[c00000] via P2P/IPC/read
1a6c73bc986042c6ba1560206583d029-master-0:14589:14673 [3] NCCL INFO Channel 09 : 3[400000] -> 2[300000] via P2P/IPC/read
1a6c73bc986042c6ba1560206583d029-master-0:14586:14674 [2] NCCL INFO Channel 09 : 2[300000] -> 1[200000] via P2P/IPC/read
1a6c73bc986042c6ba1560206583d029-master-0:14583:14669 [1] NCCL INFO Channel 09 : 1[200000] -> 0[100000] via P2P/IPC/read
1a6c73bc986042c6ba1560206583d029-master-0:14601:14672 [7] NCCL INFO Channel 10 : 7[e00000] -> 0[100000] via P2P/IPC/read
1a6c73bc986042c6ba1560206583d029-master-0:14592:14675 [4] NCCL INFO Channel 10 : 4[b00000] -> 5[c00000] via P2P/IPC/read
1a6c73bc986042c6ba1560206583d029-master-0:14598:14671 [6] NCCL INFO Channel 10 : 6[d00000] -> 7[e00000] via P2P/IPC/read
1a6c73bc986042c6ba1560206583d029-master-0:14595:14670 [5] NCCL INFO Channel 10 : 5[c00000] -> 6[d00000] via P2P/IPC/read
1a6c73bc986042c6ba1560206583d029-master-0:14589:14673 [3] NCCL INFO Channel 10 : 3[400000] -> 4[b00000] via P2P/IPC/read
1a6c73bc986042c6ba1560206583d029-master-0:14582:14668 [0] NCCL INFO Channel 10 : 0[100000] -> 1[200000] via P2P/IPC/read
1a6c73bc986042c6ba1560206583d029-master-0:14586:14674 [2] NCCL INFO Channel 10 : 2[300000] -> 3[400000] via P2P/IPC/read
1a6c73bc986042c6ba1560206583d029-master-0:14583:14669 [1] NCCL INFO Channel 10 : 1[200000] -> 2[300000] via P2P/IPC/read
1a6c73bc986042c6ba1560206583d029-master-0:14601:14672 [7] NCCL INFO Channel 10 : 7[e00000] -> 6[d00000] via P2P/IPC/read
1a6c73bc986042c6ba1560206583d029-master-0:14592:14675 [4] NCCL INFO Channel 10 : 4[b00000] -> 3[400000] via P2P/IPC/read
1a6c73bc986042c6ba1560206583d029-master-0:14595:14670 [5] NCCL INFO Channel 10 : 5[c00000] -> 4[b00000] via P2P/IPC/read
1a6c73bc986042c6ba1560206583d029-master-0:14598:14671 [6] NCCL INFO Channel 10 : 6[d00000] -> 5[c00000] via P2P/IPC/read
1a6c73bc986042c6ba1560206583d029-master-0:14589:14673 [3] NCCL INFO Channel 10 : 3[400000] -> 2[300000] via P2P/IPC/read
1a6c73bc986042c6ba1560206583d029-master-0:14586:14674 [2] NCCL INFO Channel 10 : 2[300000] -> 1[200000] via P2P/IPC/read
1a6c73bc986042c6ba1560206583d029-master-0:14583:14669 [1] NCCL INFO Channel 10 : 1[200000] -> 0[100000] via P2P/IPC/read
1a6c73bc986042c6ba1560206583d029-master-0:14601:14672 [7] NCCL INFO Channel 11 : 7[e00000] -> 0[100000] via P2P/IPC/read
1a6c73bc986042c6ba1560206583d029-master-0:14592:14675 [4] NCCL INFO Channel 11 : 4[b00000] -> 5[c00000] via P2P/IPC/read
1a6c73bc986042c6ba1560206583d029-master-0:14595:14670 [5] NCCL INFO Channel 11 : 5[c00000] -> 6[d00000] via P2P/IPC/read
1a6c73bc986042c6ba1560206583d029-master-0:14598:14671 [6] NCCL INFO Channel 11 : 6[d00000] -> 7[e00000] via P2P/IPC/read
1a6c73bc986042c6ba1560206583d029-master-0:14589:14673 [3] NCCL INFO Channel 11 : 3[400000] -> 4[b00000] via P2P/IPC/read
1a6c73bc986042c6ba1560206583d029-master-0:14582:14668 [0] NCCL INFO Channel 11 : 0[100000] -> 1[200000] via P2P/IPC/read
1a6c73bc986042c6ba1560206583d029-master-0:14586:14674 [2] NCCL INFO Channel 11 : 2[300000] -> 3[400000] via P2P/IPC/read
1a6c73bc986042c6ba1560206583d029-master-0:14583:14669 [1] NCCL INFO Channel 11 : 1[200000] -> 2[300000] via P2P/IPC/read
1a6c73bc986042c6ba1560206583d029-master-0:14601:14672 [7] NCCL INFO Channel 11 : 7[e00000] -> 6[d00000] via P2P/IPC/read
1a6c73bc986042c6ba1560206583d029-master-0:14592:14675 [4] NCCL INFO Channel 11 : 4[b00000] -> 3[400000] via P2P/IPC/read
1a6c73bc986042c6ba1560206583d029-master-0:14595:14670 [5] NCCL INFO Channel 11 : 5[c00000] -> 4[b00000] via P2P/IPC/read
1a6c73bc986042c6ba1560206583d029-master-0:14598:14671 [6] NCCL INFO Channel 11 : 6[d00000] -> 5[c00000] via P2P/IPC/read
1a6c73bc986042c6ba1560206583d029-master-0:14589:14673 [3] NCCL INFO Channel 11 : 3[400000] -> 2[300000] via P2P/IPC/read
1a6c73bc986042c6ba1560206583d029-master-0:14586:14674 [2] NCCL INFO Channel 11 : 2[300000] -> 1[200000] via P2P/IPC/read
1a6c73bc986042c6ba1560206583d029-master-0:14583:14669 [1] NCCL INFO Channel 11 : 1[200000] -> 0[100000] via P2P/IPC/read
1a6c73bc986042c6ba1560206583d029-master-0:14601:14672 [7] NCCL INFO Channel 12 : 7[e00000] -> 0[100000] via P2P/IPC/read
1a6c73bc986042c6ba1560206583d029-master-0:14592:14675 [4] NCCL INFO Channel 12 : 4[b00000] -> 5[c00000] via P2P/IPC/read
1a6c73bc986042c6ba1560206583d029-master-0:14598:14671 [6] NCCL INFO Channel 12 : 6[d00000] -> 7[e00000] via P2P/IPC/read
1a6c73bc986042c6ba1560206583d029-master-0:14595:14670 [5] NCCL INFO Channel 12 : 5[c00000] -> 6[d00000] via P2P/IPC/read
1a6c73bc986042c6ba1560206583d029-master-0:14589:14673 [3] NCCL INFO Channel 12 : 3[400000] -> 4[b00000] via P2P/IPC/read
1a6c73bc986042c6ba1560206583d029-master-0:14582:14668 [0] NCCL INFO Channel 12 : 0[100000] -> 1[200000] via P2P/IPC/read
1a6c73bc986042c6ba1560206583d029-master-0:14586:14674 [2] NCCL INFO Channel 12 : 2[300000] -> 3[400000] via P2P/IPC/read
1a6c73bc986042c6ba1560206583d029-master-0:14583:14669 [1] NCCL INFO Channel 12 : 1[200000] -> 2[300000] via P2P/IPC/read
1a6c73bc986042c6ba1560206583d029-master-0:14601:14672 [7] NCCL INFO Channel 12 : 7[e00000] -> 6[d00000] via P2P/IPC/read
1a6c73bc986042c6ba1560206583d029-master-0:14592:14675 [4] NCCL INFO Channel 12 : 4[b00000] -> 3[400000] via P2P/IPC/read
1a6c73bc986042c6ba1560206583d029-master-0:14595:14670 [5] NCCL INFO Channel 12 : 5[c00000] -> 4[b00000] via P2P/IPC/read
1a6c73bc986042c6ba1560206583d029-master-0:14598:14671 [6] NCCL INFO Channel 12 : 6[d00000] -> 5[c00000] via P2P/IPC/read
1a6c73bc986042c6ba1560206583d029-master-0:14589:14673 [3] NCCL INFO Channel 12 : 3[400000] -> 2[300000] via P2P/IPC/read
1a6c73bc986042c6ba1560206583d029-master-0:14586:14674 [2] NCCL INFO Channel 12 : 2[300000] -> 1[200000] via P2P/IPC/read
1a6c73bc986042c6ba1560206583d029-master-0:14583:14669 [1] NCCL INFO Channel 12 : 1[200000] -> 0[100000] via P2P/IPC/read
1a6c73bc986042c6ba1560206583d029-master-0:14601:14672 [7] NCCL INFO Channel 13 : 7[e00000] -> 0[100000] via P2P/IPC/read
1a6c73bc986042c6ba1560206583d029-master-0:14592:14675 [4] NCCL INFO Channel 13 : 4[b00000] -> 5[c00000] via P2P/IPC/read
1a6c73bc986042c6ba1560206583d029-master-0:14598:14671 [6] NCCL INFO Channel 13 : 6[d00000] -> 7[e00000] via P2P/IPC/read
1a6c73bc986042c6ba1560206583d029-master-0:14595:14670 [5] NCCL INFO Channel 13 : 5[c00000] -> 6[d00000] via P2P/IPC/read
1a6c73bc986042c6ba1560206583d029-master-0:14589:14673 [3] NCCL INFO Channel 13 : 3[400000] -> 4[b00000] via P2P/IPC/read
1a6c73bc986042c6ba1560206583d029-master-0:14582:14668 [0] NCCL INFO Channel 13 : 0[100000] -> 1[200000] via P2P/IPC/read
1a6c73bc986042c6ba1560206583d029-master-0:14586:14674 [2] NCCL INFO Channel 13 : 2[300000] -> 3[400000] via P2P/IPC/read
1a6c73bc986042c6ba1560206583d029-master-0:14583:14669 [1] NCCL INFO Channel 13 : 1[200000] -> 2[300000] via P2P/IPC/read
1a6c73bc986042c6ba1560206583d029-master-0:14601:14672 [7] NCCL INFO Channel 13 : 7[e00000] -> 6[d00000] via P2P/IPC/read
1a6c73bc986042c6ba1560206583d029-master-0:14592:14675 [4] NCCL INFO Channel 13 : 4[b00000] -> 3[400000] via P2P/IPC/read
1a6c73bc986042c6ba1560206583d029-master-0:14595:14670 [5] NCCL INFO Channel 13 : 5[c00000] -> 4[b00000] via P2P/IPC/read
1a6c73bc986042c6ba1560206583d029-master-0:14598:14671 [6] NCCL INFO Channel 13 : 6[d00000] -> 5[c00000] via P2P/IPC/read
1a6c73bc986042c6ba1560206583d029-master-0:14589:14673 [3] NCCL INFO Channel 13 : 3[400000] -> 2[300000] via P2P/IPC/read
1a6c73bc986042c6ba1560206583d029-master-0:14586:14674 [2] NCCL INFO Channel 13 : 2[300000] -> 1[200000] via P2P/IPC/read
1a6c73bc986042c6ba1560206583d029-master-0:14583:14669 [1] NCCL INFO Channel 13 : 1[200000] -> 0[100000] via P2P/IPC/read
1a6c73bc986042c6ba1560206583d029-master-0:14601:14672 [7] NCCL INFO Channel 14 : 7[e00000] -> 0[100000] via P2P/IPC/read
1a6c73bc986042c6ba1560206583d029-master-0:14592:14675 [4] NCCL INFO Channel 14 : 4[b00000] -> 5[c00000] via P2P/IPC/read
1a6c73bc986042c6ba1560206583d029-master-0:14595:14670 [5] NCCL INFO Channel 14 : 5[c00000] -> 6[d00000] via P2P/IPC/read
1a6c73bc986042c6ba1560206583d029-master-0:14598:14671 [6] NCCL INFO Channel 14 : 6[d00000] -> 7[e00000] via P2P/IPC/read
1a6c73bc986042c6ba1560206583d029-master-0:14589:14673 [3] NCCL INFO Channel 14 : 3[400000] -> 4[b00000] via P2P/IPC/read
1a6c73bc986042c6ba1560206583d029-master-0:14582:14668 [0] NCCL INFO Channel 14 : 0[100000] -> 1[200000] via P2P/IPC/read
1a6c73bc986042c6ba1560206583d029-master-0:14586:14674 [2] NCCL INFO Channel 14 : 2[300000] -> 3[400000] via P2P/IPC/read
1a6c73bc986042c6ba1560206583d029-master-0:14583:14669 [1] NCCL INFO Channel 14 : 1[200000] -> 2[300000] via P2P/IPC/read
1a6c73bc986042c6ba1560206583d029-master-0:14601:14672 [7] NCCL INFO Channel 14 : 7[e00000] -> 6[d00000] via P2P/IPC/read
1a6c73bc986042c6ba1560206583d029-master-0:14592:14675 [4] NCCL INFO Channel 14 : 4[b00000] -> 3[400000] via P2P/IPC/read
1a6c73bc986042c6ba1560206583d029-master-0:14595:14670 [5] NCCL INFO Channel 14 : 5[c00000] -> 4[b00000] via P2P/IPC/read
1a6c73bc986042c6ba1560206583d029-master-0:14589:14673 [3] NCCL INFO Channel 14 : 3[400000] -> 2[300000] via P2P/IPC/read
1a6c73bc986042c6ba1560206583d029-master-0:14598:14671 [6] NCCL INFO Channel 14 : 6[d00000] -> 5[c00000] via P2P/IPC/read
1a6c73bc986042c6ba1560206583d029-master-0:14586:14674 [2] NCCL INFO Channel 14 : 2[300000] -> 1[200000] via P2P/IPC/read
1a6c73bc986042c6ba1560206583d029-master-0:14583:14669 [1] NCCL INFO Channel 14 : 1[200000] -> 0[100000] via P2P/IPC/read
1a6c73bc986042c6ba1560206583d029-master-0:14601:14672 [7] NCCL INFO Channel 15 : 7[e00000] -> 0[100000] via P2P/IPC/read
1a6c73bc986042c6ba1560206583d029-master-0:14592:14675 [4] NCCL INFO Channel 15 : 4[b00000] -> 5[c00000] via P2P/IPC/read
1a6c73bc986042c6ba1560206583d029-master-0:14595:14670 [5] NCCL INFO Channel 15 : 5[c00000] -> 6[d00000] via P2P/IPC/read
1a6c73bc986042c6ba1560206583d029-master-0:14589:14673 [3] NCCL INFO Channel 15 : 3[400000] -> 4[b00000] via P2P/IPC/read
1a6c73bc986042c6ba1560206583d029-master-0:14598:14671 [6] NCCL INFO Channel 15 : 6[d00000] -> 7[e00000] via P2P/IPC/read
1a6c73bc986042c6ba1560206583d029-master-0:14582:14668 [0] NCCL INFO Channel 15 : 0[100000] -> 1[200000] via P2P/IPC/read
1a6c73bc986042c6ba1560206583d029-master-0:14586:14674 [2] NCCL INFO Channel 15 : 2[300000] -> 3[400000] via P2P/IPC/read
1a6c73bc986042c6ba1560206583d029-master-0:14583:14669 [1] NCCL INFO Channel 15 : 1[200000] -> 2[300000] via P2P/IPC/read
1a6c73bc986042c6ba1560206583d029-master-0:14601:14672 [7] NCCL INFO Channel 15 : 7[e00000] -> 6[d00000] via P2P/IPC/read
1a6c73bc986042c6ba1560206583d029-master-0:14592:14675 [4] NCCL INFO Channel 15 : 4[b00000] -> 3[400000] via P2P/IPC/read
1a6c73bc986042c6ba1560206583d029-master-0:14595:14670 [5] NCCL INFO Channel 15 : 5[c00000] -> 4[b00000] via P2P/IPC/read
1a6c73bc986042c6ba1560206583d029-master-0:14589:14673 [3] NCCL INFO Channel 15 : 3[400000] -> 2[300000] via P2P/IPC/read
1a6c73bc986042c6ba1560206583d029-master-0:14598:14671 [6] NCCL INFO Channel 15 : 6[d00000] -> 5[c00000] via P2P/IPC/read
1a6c73bc986042c6ba1560206583d029-master-0:14586:14674 [2] NCCL INFO Channel 15 : 2[300000] -> 1[200000] via P2P/IPC/read
1a6c73bc986042c6ba1560206583d029-master-0:14583:14669 [1] NCCL INFO Channel 15 : 1[200000] -> 0[100000] via P2P/IPC/read
1a6c73bc986042c6ba1560206583d029-master-0:14601:14672 [7] NCCL INFO Channel 16 : 7[e00000] -> 0[100000] via P2P/IPC/read
1a6c73bc986042c6ba1560206583d029-master-0:14592:14675 [4] NCCL INFO Channel 16 : 4[b00000] -> 5[c00000] via P2P/IPC/read
1a6c73bc986042c6ba1560206583d029-master-0:14595:14670 [5] NCCL INFO Channel 16 : 5[c00000] -> 6[d00000] via P2P/IPC/read
1a6c73bc986042c6ba1560206583d029-master-0:14589:14673 [3] NCCL INFO Channel 16 : 3[400000] -> 4[b00000] via P2P/IPC/read
1a6c73bc986042c6ba1560206583d029-master-0:14598:14671 [6] NCCL INFO Channel 16 : 6[d00000] -> 7[e00000] via P2P/IPC/read
1a6c73bc986042c6ba1560206583d029-master-0:14582:14668 [0] NCCL INFO Channel 16 : 0[100000] -> 1[200000] via P2P/IPC/read
1a6c73bc986042c6ba1560206583d029-master-0:14586:14674 [2] NCCL INFO Channel 16 : 2[300000] -> 3[400000] via P2P/IPC/read
1a6c73bc986042c6ba1560206583d029-master-0:14583:14669 [1] NCCL INFO Channel 16 : 1[200000] -> 2[300000] via P2P/IPC/read
1a6c73bc986042c6ba1560206583d029-master-0:14601:14672 [7] NCCL INFO Channel 16 : 7[e00000] -> 6[d00000] via P2P/IPC/read
1a6c73bc986042c6ba1560206583d029-master-0:14592:14675 [4] NCCL INFO Channel 16 : 4[b00000] -> 3[400000] via P2P/IPC/read
1a6c73bc986042c6ba1560206583d029-master-0:14595:14670 [5] NCCL INFO Channel 16 : 5[c00000] -> 4[b00000] via P2P/IPC/read
1a6c73bc986042c6ba1560206583d029-master-0:14589:14673 [3] NCCL INFO Channel 16 : 3[400000] -> 2[300000] via P2P/IPC/read
1a6c73bc986042c6ba1560206583d029-master-0:14598:14671 [6] NCCL INFO Channel 16 : 6[d00000] -> 5[c00000] via P2P/IPC/read
1a6c73bc986042c6ba1560206583d029-master-0:14586:14674 [2] NCCL INFO Channel 16 : 2[300000] -> 1[200000] via P2P/IPC/read
1a6c73bc986042c6ba1560206583d029-master-0:14583:14669 [1] NCCL INFO Channel 16 : 1[200000] -> 0[100000] via P2P/IPC/read
1a6c73bc986042c6ba1560206583d029-master-0:14601:14672 [7] NCCL INFO Channel 17 : 7[e00000] -> 0[100000] via P2P/IPC/read
1a6c73bc986042c6ba1560206583d029-master-0:14592:14675 [4] NCCL INFO Channel 17 : 4[b00000] -> 5[c00000] via P2P/IPC/read
1a6c73bc986042c6ba1560206583d029-master-0:14595:14670 [5] NCCL INFO Channel 17 : 5[c00000] -> 6[d00000] via P2P/IPC/read
1a6c73bc986042c6ba1560206583d029-master-0:14589:14673 [3] NCCL INFO Channel 17 : 3[400000] -> 4[b00000] via P2P/IPC/read
1a6c73bc986042c6ba1560206583d029-master-0:14598:14671 [6] NCCL INFO Channel 17 : 6[d00000] -> 7[e00000] via P2P/IPC/read
1a6c73bc986042c6ba1560206583d029-master-0:14582:14668 [0] NCCL INFO Channel 17 : 0[100000] -> 1[200000] via P2P/IPC/read
1a6c73bc986042c6ba1560206583d029-master-0:14586:14674 [2] NCCL INFO Channel 17 : 2[300000] -> 3[400000] via P2P/IPC/read
1a6c73bc986042c6ba1560206583d029-master-0:14583:14669 [1] NCCL INFO Channel 17 : 1[200000] -> 2[300000] via P2P/IPC/read
1a6c73bc986042c6ba1560206583d029-master-0:14601:14672 [7] NCCL INFO Channel 17 : 7[e00000] -> 6[d00000] via P2P/IPC/read
1a6c73bc986042c6ba1560206583d029-master-0:14592:14675 [4] NCCL INFO Channel 17 : 4[b00000] -> 3[400000] via P2P/IPC/read
1a6c73bc986042c6ba1560206583d029-master-0:14595:14670 [5] NCCL INFO Channel 17 : 5[c00000] -> 4[b00000] via P2P/IPC/read
1a6c73bc986042c6ba1560206583d029-master-0:14589:14673 [3] NCCL INFO Channel 17 : 3[400000] -> 2[300000] via P2P/IPC/read
1a6c73bc986042c6ba1560206583d029-master-0:14598:14671 [6] NCCL INFO Channel 17 : 6[d00000] -> 5[c00000] via P2P/IPC/read
1a6c73bc986042c6ba1560206583d029-master-0:14586:14674 [2] NCCL INFO Channel 17 : 2[300000] -> 1[200000] via P2P/IPC/read
1a6c73bc986042c6ba1560206583d029-master-0:14583:14669 [1] NCCL INFO Channel 17 : 1[200000] -> 0[100000] via P2P/IPC/read
1a6c73bc986042c6ba1560206583d029-master-0:14601:14672 [7] NCCL INFO Channel 18 : 7[e00000] -> 0[100000] via P2P/IPC/read
1a6c73bc986042c6ba1560206583d029-master-0:14592:14675 [4] NCCL INFO Channel 18 : 4[b00000] -> 5[c00000] via P2P/IPC/read
1a6c73bc986042c6ba1560206583d029-master-0:14595:14670 [5] NCCL INFO Channel 18 : 5[c00000] -> 6[d00000] via P2P/IPC/read
1a6c73bc986042c6ba1560206583d029-master-0:14589:14673 [3] NCCL INFO Channel 18 : 3[400000] -> 4[b00000] via P2P/IPC/read
1a6c73bc986042c6ba1560206583d029-master-0:14598:14671 [6] NCCL INFO Channel 18 : 6[d00000] -> 7[e00000] via P2P/IPC/read
1a6c73bc986042c6ba1560206583d029-master-0:14586:14674 [2] NCCL INFO Channel 18 : 2[300000] -> 3[400000] via P2P/IPC/read
1a6c73bc986042c6ba1560206583d029-master-0:14582:14668 [0] NCCL INFO Channel 18 : 0[100000] -> 1[200000] via P2P/IPC/read
1a6c73bc986042c6ba1560206583d029-master-0:14583:14669 [1] NCCL INFO Channel 18 : 1[200000] -> 2[300000] via P2P/IPC/read
